er when 71 is divided by h(a)?
8
Suppose -8*q + 0*q - 1128 = 0. Let s = -64 - q. What is the remainder when s is divided by 10?
7
Suppose 0*g - 7*g = -126. Let q = -25 + g. What is the remainder when 9 is divided by 6/(-4)*(-9 - q)?
0
Suppose 0 = 5*a - z - 444, -a + 93 = -0*a + 4*z. Let m = 15256 - 15239. Calculate the remainder when a is divided by m.
4
Let a = -4 - -17. Suppose 0 = 2*w - 147 + 217. Calculate the remainder when a is divided by 3/((w/(-350))/(8/30)).
5
Let t = -38961 - -38968. Let v = 132 - 64. What is the remainder when v is divided by t?
5
Let u = -11 + 37. Let v(w) = w**3 + 5*w**2 + 2. Let q be v(-4). Let x = q + 32. What is the remainder when x is divided by u?
24
Let j = -84 - -110. Let l be (-38)/(-171) + (-796)/18. Let s = j - l. Calculate the remainder when s is divided by 36.
34
Suppose 13*b - 10 = 11*b. Suppose -54 = -5*j - w, -2*j = -0*j - b*w. What is the remainder when 78 is divided by j?
8
Let k(y) = 20*y**2 - y - 1. Let z be (1/2)/((1/(-18))/(-1)). What is the remainder when 101 - (z + -4 + -1) is divided by k(-1)?
17
Let l(d) = 119*d - 56. Let c(z) = -6*z**2 - 43*z - 2. Let i be c(-7). Calculate the remainder when l(i) is divided by 60.
59
Let b(h) = -10*h + 286. Calculate the remainder when b(18) is divided by 2/5 - (-286)/10.
19
Suppose -25 + 9 = -2*f. Let z(o) be the third derivative of 5*o**4/8 - 21*o**3/2 + 2*o**2 - 61. Calculate the remainder when z(f) is divided by 31.
26
Let i(d) = -7*d**2 + 205*d + 17. What is the remainder when i(26) is divided by 9?
3
Let n(u) be the second derivative of u**4/6 - 5*u**3/6 + 3*u**2 + 53*u. Suppose -5*q + 385 + 70 = 0. What is the remainder when q is divided by n(5)?
29
Let l = 5392 + -496. What is the remainder when l is divided by 20?
16
Let g be -2 + (-10)/(-4) + (-3)/(-2). Suppose 2*a + 332 = -g*a. Let k = -38 - a. What is the remainder when k is divided by 6?
3
Let u(g) = -85*g - 2906. Calculate the remainder when 463 is divided by u(-35).
49
Suppose 22889 = -7*u + 33193. Calculate the remainder when u is divided by 165.
152
Let c(w) = w + 2. Let z be c(0). Suppose -5*s - 18 = z. Calculate the remainder when 39 is divided by 2/(((-12)/s)/30).
19
Let c(a) = 38*a + 6794. What is the remainder when 539 is divided by c(-174)?
175
Let q(m) = -18*m**3 - 2*m**2 - m. Let x = 16 - 12. Let g(t) = 2*t**2 - 7*t + 6. What is the remainder when q(-1) is divided by g(x)?
7
Calculate the remainder when 319 is divided by 0 - -6 - 200/75*27/(-6).
13
Let y(j) = -j**3 + 33*j**2 + 2. Let f be y(33). Suppose 0 = f*b + b + 9, 4*r = 4*b + 188. What is the remainder when 86 is divided by r?
42
Calculate the remainder when (-17863)/(-8) + (6 - 141/24) is divided by 15.
13
Let p = 7490 + -6838. Calculate the remainder when p is divided by 164.
160
Let h(d) = 39*d + 369. Let f(s) = -527*s - 4981. Let w(x) = 5*f(x) + 68*h(x). What is the remainder when 169 is divided by w(-9)?
33
Let f = 2942 - -1045. Calculate the remainder when f is divided by 21.
18
Let d(r) = -r + 77. Let x be d(27). Suppose -4*p + x = p. Suppose f - p = s, -4*f = -s + 8 - 36. Calculate the remainder when f is divided by 4.
2
What is the remainder when 722 is divided by 2*2/(-12) + ((-4352)/(-24) - -1)?
176
Let g = 338 - 343. Let u(j) = j**2 + 4*j + 33. What is the remainder when u(g) is divided by 17?
4
Let j = -5370 - -5670. Calculate the remainder when j is divided by 293.
7
Let z = 168 - 133. Suppose 2*a - 3*h - 388 = 0, 9*h = 4*h. Calculate the remainder when a is divided by (84/(-20))/((-3)/z).
47
Let t(q) = 2*q**3 - 4*q**2 - 5*q + 11. Suppose 0 = -4*l - 5*b + 205, -10*b = 5*l - 7*b - 240. What is the remainder when t(6) is divided by l?
44
Let g(y) = y**2 + 14*y - 8. Suppose -4*q + 52 = -6*q. Let v = q + 10. What is the remainder when 70 is divided by g(v)?
22
Suppose -5*k + n - 215 = 6*n, k - 5*n + 73 = 0. Let c = k - -50. Suppose c*z - 120 = -4*z. Calculate the remainder when z is divided by 7.
6
Let w(i) = 3*i**2 - 2*i - 2. Let b be w(0). Calculate the remainder when 104 is divided by (0 + b)/((-7)/((-490)/(-4))).
34
Suppose -4*l + 52 = 4*g, -l + 11 = -0*g + 3*g. Let j = 26 + -15. What is the remainder when (-1)/(-1)*(l + 7) is divided by j?
10
Let z(k) = -29*k - 1613. Calculate the remainder when z(-63) is divided by 121.
93
Let r(p) = p**3 - 10*p**2 - 14*p + 41. Let c be r(11). Suppose -3*q - c = -2. What is the remainder when -3 - -3 - (q - 62) is divided by 13?
12
Let k = -44041 + 44063. Calculate the remainder when 4727 is divided by k.
19
Let c(b) = -b**3 - 4*b - 7. What is the remainder when c(-3) is divided by ((-44)/8 + 7)*(-110)/(-15)?
10
Suppose -i + 4*q = -38, -3*q - 24 + 214 = 4*i. Suppose 4*v - 3*v + 1 = 0. What is the remainder when i is divided by 3 + v - (-1 - 4)?
4
Let u(o) = o**2 + 9*o + 42. Let x be (1 + 2)/(21/(-56)). What is the remainder when 302 is divided by u(x)?
30
Let l be -1*(-15)/(-6)*36/45. What is the remainder when 172/6*((-8)/l + -1) is divided by 15?
11
Suppose -2*s + 2*l + 0*l + 22 = 0, 3*s + 2*l = 48. Suppose -2*j + 361*v = 364*v - 241, -j + 140 = -5*v. What is the remainder when j is divided by s?
13
Let a(s) = -42*s + 22*s + 39 + 26*s - s**2. What is the remainder when 205 is divided by a(8)?
21
Let f = 93 + -1. Suppose 3*t = -t + f. Suppose 3*v + 8276 = -4*w + 8306, -2*w + 14 = v. Calculate the remainder when t is divided by w.
5
Let q(s) = s**3 + 13*s**2 - 15*s - 11. Let v be q(-14). Suppose 5*n - p = 57, -n + 3*p + v = -0*p. Calculate the remainder when 80 is divided by n.
8
Let i be (-2 - (-5)/3) + (-6559)/(-21). Calculate the remainder when 47 is divided by (-8)/(-20) - i/(-20).
15
Calculate the remainder when (0 - -1) + 18/(-12)*-32 is divided by (-17)/(51/28)*(-3)/2.
7
Suppose 0 = 15*k + 6 + 39. What is the remainder when 133 is divided by (15 - 18)*8/k?
5
Let n(u) = 7*u - 23. Let f be n(5). Suppose 3*j = -0 - f, 2*t = -j - 50. Let m = 41 + t. Calculate the remainder when 48 is divided by m.
12
Let v(o) = -2*o**3 + 23*o**2 + 16*o**2 - o**2 - 27*o + 19*o**2 + 5. What is the remainder when 128 is divided by v(28)?
29
Suppose -174*f + 14879 = -201 - 17980. Calculate the remainder when f is divided by 20*((-5)/2)/(-1).
40
Let i(b) = -44*b + 1063. Calculate the remainder when i(24) is divided by 7.
0
Let w(g) = 19*g**2 + 482*g - 1452. What is the remainder when 1832 is divided by w(3)?
17
Let w = 0 - -4. Suppose -2*v + 72 = 5*x, -3*v - 8*x + 7*x = -95. What is the remainder when v is divided by w?
3
Let o(l) = 6*l - 8. Let z be o(2). What is the remainder when ((107 - z)/1 - -2) + 0 is divided by (-194)/(-7) - 14/(-49)?
21
Let q(n) = -29*n - 6. Let j = 15 - 19. Let v(p) = 3*p**2 - 4*p + 5. What is the remainder when q(j) is divided by v(4)?
36
Let f(s) = 11*s**2 + 27*s - 26. Let r be f(-7). Suppose 0 = 3*z - 525 + 51. Let l = r - z. Calculate the remainder when l is divided by 28.
26
Let o(p) = 18*p**2 - 2*p - 7. Let z be o(-3). Suppose -1 = 5*n - z. Calculate the remainder when 105 is divided by n.
9
Suppose -3*d + 6*d = -5*t + 1466, 0 = 4*d - 2*t - 1998. Calculate the remainder when d is divided by 10.
7
Suppose 14083 = 4*b + j, 0 = -4*b - 5*j + 10724 + 3387. Calculate the remainder when b is divided by 1168.
15
Let w = -11239 - -12071. What is the remainder when w is divided by 167?
164
Suppose 3*s - 7*s = -48. Let y = -2629 - -2671. What is the remainder when y is divided by s?
6
Let o(f) = 30*f + 253. Let j be o(-8). Suppose j*g - 7*g - 1056 = 0. Calculate the remainder when g is divided by 30.
26
Let d = -22644 - -22689. Calculate the remainder when 743 is divided by d.
23
Let u(k) = 19*k + 328. What is the remainder when 625 is divided by u(-14)?
5
Let p(f) = f**3 - 10*f**2 - f - 17. Let q be p(10). Let o = -39 - q. Calculate the remainder when ((40/o)/5)/(1/(-9)) is divided by 2.
0
Let n = 11726 + -11559. Calculate the remainder when 982 is divided by n.
147
Suppose 2*d + 0*d + 5*v = 63, -186 = -5*d - 3*v. Let y = -38 + d. What is the remainder when (-2 - -2 - y)*(-26 + -9) is divided by 13?
9
Suppose -4*q - q - 495 = 0. Let s = 4864 - 4859. Calculate the remainder when (4/(-3))/(6/q) is divided by s.
2
Let j(p) = -6*p**2 - 22*p + 14. Let b be j(6). Let u = 361 + b. What is the remainder when u is divided by 22?
5
Suppose -6*g - 90 = -21*g. Suppose -8*u = -g*